 remainder when j is divided by (-1)/(1/(-12)) - -2?
11
Let k(c) = c**2 + 11*c - 10. Calculate the remainder when k(-14) is divided by 21.
11
Suppose 250 = 5*u + 5*i, -8*i + 6*i = -8. Calculate the remainder when 70 is divided by u.
24
Suppose -4*s - t + 595 = 0, -s - 11*t + 142 = -13*t. Calculate the remainder when s is divided by 42.
22
Suppose 5*j + 8 = 7*j + 4*h, 4*h = 5*j + 8. Suppose 6*u - 186 - 6 = j. What is the remainder when 125 is divided by u?
29
Calculate the remainder when 599 is divided by (10/4 + -3)*(6 + -140).
63
Let x(v) = -34*v - 142. What is the remainder when 54 is divided by x(-5)?
26
Let v(d) = 30*d - 127. Let s(m) = -15*m + 64. Let p(x) = 5*s(x) + 3*v(x). Calculate the remainder when p(10) is divided by 46.
43
Suppose 2*r = -x + 10, -x - 10 = -2*r - r. Suppose 5*f + j - 44 = 0, 8 = 5*f - 2*j - 24. What is the remainder when (1 + f/(-12))*21 is divided by r?
3
Let j(b) = -35*b - 1. Let d = 13819 + -13774. What is the remainder when j(-5) is divided by d?
39
Let t = 110 - 75. Suppose 3*a + 0*o = -o + 15, -2*a - 5*o + 10 = 0. Suppose -a*j = -21 - 39. What is the remainder when t is divided by j?
11
Suppose -2*g - 2*y + 150 = 0, -4*y + 75 = 6*g - 5*g. Let q = 2 + 19. What is the remainder when g is divided by q?
12
Suppose 5*g - 4*l - 114 = -31, -4*g + 88 = 4*l. Let v(k) = -k**3 - 2*k**2 + 7*k + 5. Calculate the remainder when g is divided by v(-4).
1
Let k(v) = 2*v**2 - 18*v - 13. Suppose -33 = -3*i + b, 3 = -6*b + 5*b. Calculate the remainder when 34 is divided by k(i).
6
Suppose -36 = -u + 15*t - 20*t, -2*t = -3*u + 108. What is the remainder when 176 is divided by u?
32
What is the remainder when 533 is divided by (-714)/(-8) - (-5 - (-147)/28)?
88
Suppose a = -12 + 41. Let i(d) = d**3 + d**2 - d + 10. Let z be i(0). Let f = 26 - z. What is the remainder when a is divided by f?
13
Suppose 0 = 2*x + x - 24. Suppose -5*c - 2*p + 69 = 0, 2*c = -p + 15 + 12. Let y = 18 - c. Calculate the remainder when x is divided by y.
2
Suppose -3*k - 2*k = -20. Suppose -3*c = 0, c - 50 = -s - k*s. What is the remainder when s is divided by 5?
0
What is the remainder when 111 is divided by (-2)/2 - (10 + -31 + 1)?
16
Suppose -4*i + i = -156. Suppose -147 + 35 = -2*y. Let o = -38 + y. What is the remainder when i is divided by o?
16
Let x(g) = -g**3 + 14*g**2 - 50*g + 14. What is the remainder when 110 is divided by x(7)?
5
Let s = -133 + 142. What is the remainder when s is divided by 2?
1
Let u(y) = -8*y - 2. Let n(l) = -l. Let s(v) = -6*n(v) + u(v). Let x be s(-1). Suppose 0 = 2*g - 16 - x. Calculate the remainder when 14 is divided by g.
6
Suppose -3 = -3*t - 5*k, 3 - 2 = t + 5*k. Suppose 0 = -4*d + t + 75. Calculate the remainder when 56 is divided by d.
18
Suppose 264 = 16*n - 13*n. Let f = n - 47. Calculate the remainder when f is divided by 15.
11
Let t be -3*(-12)/8 + 2/(-4). Suppose -t*r + 10 = -5*s - 85, 0 = -5*r - 2*s + 160. Calculate the remainder when 114 is divided by r.
24
Let x(w) = -w**2 - w + 39. Let n(z) = -11*z**2 + 103*z + 81. What is the remainder when x(0) is divided by n(10)?
6
Let x = -16 + 15. Suppose 39 + 27 = 3*u. What is the remainder when x*21/(-6)*18 is divided by u?
19
Let a(m) = 13*m - 59. What is the remainder when a(12) is divided by 17?
12
Let z be -66*(2/(-8))/((-15)/(-20)). Suppose 4*i = 3*i - 11. Let y = z + i. Calculate the remainder when 30 is divided by y.
8
Suppose 200 = 4*r - 2*o, -11*r + 16*r = 4*o + 250. What is the remainder when r is divided by 49?
1
Suppose 54 = -12*q + 14*q. Suppose 0 = 2*i - 8 - 2. What is the remainder when q is divided by i?
2
Suppose 10*d - 1024 = 2*d. What is the remainder when d is divided by 22?
18
Let y(x) = -x + 11. Let a be ((-2)/(-3))/((-6)/(-9)). Suppose 3*z = -a + 10. What is the remainder when y(8) is divided by z?
0
Let q(y) = y**3 + 10*y**2 - 3*y + 33. What is the remainder when q(-6) is divided by 71?
53
Suppose 18*c = 29*c - 88. Let m be (-2)/(-2)*(-5 - 0). Let q = 17 - m. What is the remainder when q is divided by c?
6
Let m(w) be the second derivative of -w**3/3 + 5*w**2 - 11*w. Calculate the remainder when 53 is divided by m(-9).
25
Let u(x) = 11*x - 1. Let t = -6 - -13. Calculate the remainder when u(t) is divided by 26.
24
Let u = 1860 + -1470. What is the remainder when u is divided by 25?
15
Suppose 0 = -y - 4, -3*d - 2*y = 2*d - 1747. Calculate the remainder when d is divided by 32.
31
Suppose 10*z - 187 = 613. What is the remainder when z is divided by 21?
17
Suppose 2*z = -z - 309. Let x = -146 + 72. Let p = x - z. What is the remainder when p is divided by 15?
14
Let p(r) = -r**3 + 10*r**2 + 17*r - 7. Let a(s) = s**3 - 10*s**2 - 18*s + 6. Let y(b) = 3*a(b) + 4*p(b). Calculate the remainder when 42 is divided by y(11).
19
Let a = 43 + -37. What is the remainder when 7 is divided by a/8*(-1 + 5)?
1
What is the remainder when (-102)/4*(-8)/6 is divided by 2*105/14 + 0 + -6?
7
Calculate the remainder when ((-26)/8)/((-6)/((-384)/(-8))) is divided by 7.
5
Suppose -2712 = -47*i + 35*i. Calculate the remainder when i is divided by 56.
2
Let h(s) = s**3 + 7*s**2 + 5*s + 12. What is the remainder when 101 is divided by h(-5)?
27
Let u = -10 - -31. Suppose -2*j + 161 = -25. Let k = -53 + j. Calculate the remainder when k is divided by u.
19
Suppose -5*m = -37*m + 128. Let h(l) = l**3 - 5*l**2 + 2*l - 5. Let x be h(5). Suppose x*b - b = 28. Calculate the remainder when b is divided by m.
3
Suppose 5*k - 595 = -5*x, -k = -4*x - 79 - 20. Let s(g) = 23*g + 6. Calculate the remainder when k is divided by s(1).
28
Let y = -66 + 114. What is the remainder when y is divided by 248/10 - 5/(-25)?
23
Let h(r) = 13*r - 1. Let s(l) = -5*l**2 - l - 1. Let x be s(-1). What is the remainder when h(4) is divided by 32/(-80) - 92/x?
15
Let y(j) be the first derivative of 5*j + 1/3*j**3 + 2*j**2 - 7. Calculate the remainder when 31 is divided by y(-6).
14
Let r = -18 - -20. Suppose 125 = 5*h + 3*f, -4*h + r*f + 21 = -57. Let p = 1 + h. What is the remainder when 66 is divided by p?
20
Suppose 259 = l + 43. Let b = l + -41. Suppose -7*y = -2*y - b. What is the remainder when y is divided by 19?
16
Let o(b) be the first derivative of -b**4/2 - 11*b**3/3 + 5*b**2/2 + 2*b + 27. Calculate the remainder when o(-6) is divided by 6.
2
Calculate the remainder when 433 is divided by (-207)/(-63) - 3 - 33/(-7).
3
Let u = 40 - -6. Calculate the remainder when (-20)/(-12)*9*6 is divided by u.
44
What is the remainder when 70 is divided by 7/(-28) + (-1155)/(-44)?
18
Suppose 11*g = 5*w + 8*g - 511, 109 = w - 4*g. What is the remainder when w is divided by 41?
19
Let f(d) = 20*d - 427. Calculate the remainder when f(32) is divided by 18.
15
Let a = -981 + 999. Calculate the remainder when (-9)/6 - 325/(-2) is divided by a.
17
Let j = 835 + -622. What is the remainder when j is divided by 40?
13
Let n(l) = 3*l**2 - l + 10. What is the remainder when n(-13) is divided by 41?
38
Suppose 0 = -0*p - 4*p + 16. Suppose 13*d - 108 = p*d. Calculate the remainder when 22 - (0 - -4 - 2) is divided by d.
8
Suppose -l - 2 + 8 = 0. Suppose 2*b + 4*p = 20, -3*b + 5*p = 2*b - 35. What is the remainder when 6/9 - (-170)/l is divided by b?
5
Let b(z) = -37*z + 1035. What is the remainder when b(25) is divided by (-4)/14 + 340/14?
14
Suppose 2*m = 3*y + 253, 2*y = 3*m - 72 - 300. Let g = -96 + m. Calculate the remainder when g is divided by 10.
6
Let g(x) = -108*x + 24. Calculate the remainder when g(-3) is divided by 8.
4
Let i(f) = f**3 - 2*f**2 + 3*f. Suppose -173 = -19*x + 36. Calculate the remainder when i(3) is divided by x.
7
Suppose -3*h = f - 4*h - 43, -125 = -3*f + 2*h. Suppose -2*b - f = 5. What is the remainder when 16 is divided by 2/(b/(-18) - 1)?
7
Suppose -3*b - 317 = -590. What is the remainder when 725 is divided by b?
88
Suppose -38 = -s + 3*l, -s - 5*l - 33 = -95. What is the remainder when s is divided by 20?
7
Let q(a) = -3*a**2 + 15*a - 2. Calculate the remainder when 58 is divided by q(4).
8
Suppose -109 - 140 = -3*m. Let l(b) = -b**3 - 2*b**2 + 5. Calculate the remainder when m is divided by l(-3).
13
Calculate the remainder when ((-48)/9)/(8/(-300)) is divided by 71.
58
Let z(r) = r**3 - 8*r**2 - 11*r + 21. Let l be z(9). Let n(i) = -4 - l*i - 4 + 4 + 1. Calculate the remai